Let j(l) be the third derivative of l**4/12 - 7*l**3/6 - 161*l**2. Let a(n) = 11*j(n) + 2*t(n). Determine a(2).
5
Let m(g) = 3*g - 10. Let r = 39 - 36. Suppose 2*b = -2*j + 8, -r*b - j = 2*b - 20. Give m(b).
2
Let y = -20763 - -20769. Let w(c) = 7 + 0*c - 1 - c. Calculate w(y).
0
Suppose -5*o = 16*u - 18*u - 13, u + 6 = 2*o. Let s(v) = 25*v**2 + 1 - 13*v**2 - 15*v**2. Determine s(o).
-2
Let l(y) = y**2 + 285*y + 20295. Let o be l(-139). Let u(a) be the first derivative of 0*a**3 + 1 + 0*a**2 + 0*a - 9/4*a**4. Calculate u(o).
-9
Let o(f) = f**2 + 9*f + 2. Let w be 47/1 - ((2 - 3) + -1). Suppose w = -7*l - 0*l. Determine o(l).
-12
Let y(b) = -6*b**3 + 8*b**2 - 2*b + 11. Let l(q) = 23*q**3 - 32*q**2 + 9*q - 43. Let g(n) = 4*l(n) + 15*y(n). What is g(3)?
-7
Let z(u) be the first derivative of -u**3/3 + u**2/2 + 9*u - 183. Calculate z(5).
-11
Let g(j) = -3 - 14*j**3 + 11*j**3 + 6*j**3 + 11*j**2 + 2 - 10*j**2. Suppose 2*a - 6 = -2. Suppose -a = 4*y - 2*y. Determine g(y).
-3
Suppose -22 = 102*s - 113*s. Let x be s - 3/4*8. Let z(u) = -2*u**2 + 3*u - 3. Calculate z(x).
-47
Let o(t) = -t**2 - 9*t + 10. Let l(w) = 9*w**2 - 6*w + 11. Let c be l(2). Let m be (-1)/6 - (c/42 + 6). Give o(m).
24
Let j(n) = -5*n**3 + n**2 + 10*n - 6. Let o(m) = -6*m**3 + 2*m**2 + 10*m - 7. Let d(h) = 5*j(h) - 4*o(h). Give d(-5).
-2
Let h(a) = -74*a - 320. Let m be h(-26). Let p(x) = 7 + x**3 + 1599*x - 13*x**2 - m*x + 8*x**2. Let z = 5 + 1. What is p(z)?
13
Let n = -236 - -545. Let q = n + -303. Let w(b) = -b**3 + 7*b**2 - 5*b - 3. What is w(q)?
3
Let h(v) = 53*v**2 + 137 + 4*v + 5*v**3 - v**3 - 60*v**2 - 114 - 3*v**3. Calculate h(6).
11
Let n be -10*36/75*(-20)/8. Let l(q) = 14*q**2 + 15*q + 11. Let c(a) = -11*a**2 - 14*a - 12. Let v(m) = -5*c(m) - 4*l(m). Give v(n).
-8
Let w(q) = 9*q + 17*q - 17*q + 10 - q**2. Let h(a) = -7*a**2 + 434*a + 9. Let u be h(62). What is w(u)?
10
Suppose -2*p - 30 = -4*d, p - 55 = 3*d - 8*d. Let z be (-4)/(8/6) + d. Let t be ((-20)/28 - -1) + (-2)/z. Let v(l) = l + 6. What is v(t)?
6
Suppose -b - 6 = -4*b. Let r = 422 - 419. Suppose 5*c = r*w + b*c + 9, -4*w = 3*c + 40. Let p(a) = a**3 + 6*a**2 - 6*a + 4. Calculate p(w).
-3
Let v = -225 + 232. Let q(l) = -2*l**2 - 2*l**2 + 5*l + 1 - v*l + 0*l**2. What is q(1)?
-5
Suppose -45*b - 288 = -19*b - 54. Let n(r) = -r**3 - 8*r**2 + 6*r + 6. Give n(b).
33
Let c(i) = -2 + i**2 - 16 + 5 + 6. Suppose -4*x - 12 + 20 = n, 0 = -3*x + 6. What is c(n)?
-7
Let q(m) = -2*m**2 + 15*m - 41. Let t be 64/10 - (-375)/625. What is q(t)?
-34
Let c(m) be the second derivative of 4*m**3 - 99*m**2/2 + m + 781. What is c(6)?
45
Let c(f) = 117*f - 6. Let v(k) = -29*k. Let q(w) = c(w) + 4*v(w). Let g(m) = -m**2 - 5*m + 8. Let n be g(-7). What is q(n)?
-12
Suppose -6*p - 382 = 50. Let a = -72 - p. Let l(h) = a - 152*h - h**3 + 73*h - 6 - 5*h**2 + 78*h. What is l(-5)?
-1
Let c be (14*1/4)/((-446)/(-892)). Let t(j) = -18*j + 26. What is t(c)?
-100
Let r(x) = 19*x**2 + 130*x - 15. Let z be r(-7). Let n(b) = b**3 - 7*b**2 + 19*b - 80. What is n(z)?
-2
Let l be 2*(1*-3 + 0). Let v = -114 - -118. Let m(r) = -v + r**3 - 572*r**2 - 2*r - 5*r + 577*r**2 + 5. Give m(l).
7
Suppose 81*w = -2*w + 454 + 44. Let m(q) be the second derivative of -q**3/6 + 2*q**2 - 32*q. Determine m(w).
-2
Suppose -3*a + p + 2285 = 0, 5*a + 2*p - 1518 = 3*a. Let x(h) = 762 - h + 9*h - a. What is x(2)?
17
Let h(d) be the second derivative of d**5/20 + d**4/2 - d**3/3 + 5*d**2/2 + 7705*d. Determine h(-4).
45
Suppose z + 144 = -0*z. Let r be (z/78 + 2/(-13))*2. Let a(b) be the first derivative of -b**4/4 - 5*b**3/3 - 2*b**2 - b + 33. Determine a(r).
-1
Let g(l) = 6*l + 173. Suppose 12*s - 33*s - 588 = 0. Let p be g(s). Let h(a) be the second derivative of a**4/12 - a**3/2 + 7*a**2/2 - 3*a. Determine h(p).
17
Let w(s) = -3*s**3 - 5*s**2 + 2*s + 22. Let g(o) = -4*o**3 - 7*o**2 + 4*o + 29. Let z(f) = 10*g(f) - 13*w(f). What is z(-7)?
4
Let b(u) = -17*u**3 + 30*u**2 - 29*u + 11. Let o(r) = 25*r**3 - 29*r**2 + 28*r - 12. Let g(j) = 3*b(j) + 2*o(j). What is g(31)?
9
Let l be (-10)/3*48/(-80). Let i(w) = -8*w + 2*w**2 - 8*w**l + 8 + 6*w**2 - 12 - 2*w**2. Determine i(-5).
-14
Let d(h) = -h**2 - 8*h - 16. Let g be d(-5). Let v(n) = 2*n**3 - 2*n**2 - n. Let z be v(g). Let m(j) = 3*j - 3. Calculate m(z).
-12
Suppose -81*x - 2 = -85*x + 14. Let j(s) be the first derivative of 2*s**2 + 4*s + 14. Determine j(x).
20
Let p(h) = 6*h - 35 - 46 - 4 + 8. Let w be p(12). Let s(z) = -2*z - 6. Determine s(w).
4
Let i(h) = -9*h**3 + 17*h**2 - 32*h - 2. Let x(y) = -2*y**3 + 4*y**2 - 5*y - 1. Let v(t) = -i(t) + 5*x(t). Let f be 4 + 3 + -4 + 2. What is v(f)?
-18
Let w(f) = -17*f - 2. Let n be w(2). Let q = n + 33. Let a(m) = -4*m**2 - 3*m. Let v(s) = 11*s**2 + 10*s + 1. Let c(l) = q*v(l) - 8*a(l). Give c(-4).
5
Let j(v) = -15*v**2 + 8*v + 7. Suppose -22 = -2*q - 4*u, -2*q + 5*u - 183 = -151. What is j(q)?
-16
Let x(y) be the third derivative of y**5/120 + y**4/24 - 11*y**3/6 + 43*y**2 + 2*y. Let h(u) be the first derivative of x(u). Give h(4).
5
Let f(p) be the first derivative of -p**4/4 - p**3/3 + 3*p**2 - 3*p - 1558. Calculate f(3).
-21
Let x(i) be the first derivative of -i**3/3 - 3*i**2 - 4. Let s = 142 + 57. Let g = s + -204. Calculate x(g).
5
Suppose -1110*m + 1090*m = -64 + 484. Let d(x) = x**3 + 23*x**2 + 41*x - 23. Give d(m).
-2
Let z(v) be the first derivative of 35/2*v**2 + 1/20*v**5 + 0*v + 1/2*v**3 + 43 - 1/6*v**4. Let t(f) be the second derivative of z(f). Calculate t(3).
18
Let l(m) be the first derivative of 4*m**5/15 - m**4/24 + m**3/6 - 11*m**2 + 15. Let g(t) be the second derivative of l(t). Determine g(1).
16
Let p be (-375)/1000 + 5/(-8). Let d(v) = v**2 - 2. Let l(s) = -8*s**2 - 4*s + 7. Let w(k) = p*l(k) - 5*d(k). What is w(-2)?
7
Let m(t) = 4*t**2 + 2*t + 3. Let q(j) = 7*j**2 + 3*j + 5. Let r(v) = -5*m(v) + 3*q(v). Suppose 0 = -1335*g + 1344*g - 9. Calculate r(g).
0
Let z(p) be the first derivative of p**6/360 - 3*p**5/40 - p**4/6 - p**3/3 - 5*p + 50. Let m(n) be the third derivative of z(n). Give m(8).
-12
Let w(z) be the first derivative of -z**4/4 + 10*z**3/3 - 7*z**2/2 - 19*z - 7936. What is w(9)?
-1
Suppose -64 = -4*k + 2*f, -9*k + 4*k + 3*f = -78. Suppose -y + 15 = 4*w - 4*y, -w = 4*y - k. Let c(i) = -i**2 + 7*i + 3. Calculate c(w).
9
Let x(g) = 3*g - 11. Let z be 7/(-14)*1*0. Determine x(z).
-11
Let r(c) = -7 + 5 + 19*c + 20*c - 44*c - 2*c**2. Calculate r(6).
-104
Let f(m) = -6*m + 154. Suppose 682 - 276 = -32*j + 1206. What is f(j)?
4
Let z(l) be the first derivative of 7*l**2/2 + 137*l + 1821. Give z(-21).
-10
Let m(s) be the first derivative of -s**6/360 + s**5/40 + s**4/24 + 83*s**3/3 + 56. Let l(p) be the third derivative of m(p). Determine l(3).
1
Let x(q) = 3*q**3 - 21*q**2 - 166*q + 4. Let d(g) = 2*g**3 - 14*g**2 - 118*g + 3. Let b(m) = 7*d(m) - 5*x(m). What is b(6)?
61
Let m be (0 - (-2)/(-4))*(66 - 72). Let t be m/(1/7*-1*-3). Let x(w) = -w**2 + 4*w + 9. Determine x(t).
-12
Let q(l) be the third derivative of l**5/30 + l**4/6 + l**3/3 + l**2. Let c(d) = 23*d**3 + 69*d**2 + 3*d + 5. Let m be c(-3). What is q(m)?
18
Let i(a) = -a**3 - 27*a**2 - 6. Suppose 3*n = 2*t + 48, 15*n - 10*n + 118 = -4*t. What is i(t)?
-6
Let o(z) be the second derivative of z**4/12 - z**3/3 + 2*z**2 - 298*z - 4. Calculate o(-4).
28
Let o(r) = -r**3 + 6*r**2 + 5*r + 21. Let j be o(6). Let s = j - 48. Suppose -s*m + 1 = -17. Let b(i) = i**3 - 5*i**2 - 5*i + 3. Calculate b(m).
9
Let j(d) = 0*d**3 - d**3 + 6 + 7*d + 3*d**2 - 6*d**2 - d**2. Let u be (7/((-98)/12))/((-16)/56). Suppose -23 = 3*n - 4*z, -3*n - z = -u*z + 19. Determine j(n).
-4
Let u(q) = -q**3 + 32*q**2 - 2*q + 75. Let l be u(32). Let w(x) = 7*x - 73. Determine w(l).
4
Let r(b) = -b**2 - 197*b + 6808. Let y be r(30). Let n(j) = -1 - 3*j**2 + 2*j**2 - j + 0. What is n(y)?
-3
Let i(s) = s**3 + 4*s**2 + 3*s + 15. Suppose -y + 3*n + 17 = 0, 2*y - 1770 + 1813 = -5*n. Give i(y).
3
Let w(n) = n**3 + 4*n**2 + 5*n + 4. Suppose 8*u = -50 + 1282. Let v = u - 157. Give w(v).
-2
Let u(t) = -t + 1. Suppose 4*s - s + 3*m + 1338 = 0, s - 5*m = -434. Let b be s/84 - (-2)/7. Let o be b/10 - (-33)/(-6). Determine u(o).
7
Let x(j) = 9*j**3 + 13*j**2 - 3. Let c(s) = -7*s**3 - 11*s**2 - s + 3. Let h(y) = -4*c(y) - 3*x(y). Calculate h(